[INFO] fetching crate emu_macro 0.1.0...
[INFO] checking emu_macro-0.1.0 against try#72f88fc4e9458f89516a0b8b0868f3718aec5b47 for pr-74989
[INFO] extracting crate emu_macro 0.1.0 into /workspace/builds/worker-13/source
[INFO] validating manifest of crates.io crate emu_macro 0.1.0 on toolchain 72f88fc4e9458f89516a0b8b0868f3718aec5b47
[INFO] running `Command { std: "/workspace/cargo-home/bin/cargo" "+72f88fc4e9458f89516a0b8b0868f3718aec5b47" "read-manifest" "--manifest-path" "Cargo.toml", kill_on_drop: false }`
[INFO] started tweaking crates.io crate emu_macro 0.1.0
[INFO] finished tweaking crates.io crate emu_macro 0.1.0
[INFO] tweaked toml for crates.io crate emu_macro 0.1.0 written to /workspace/builds/worker-13/source/Cargo.toml
[INFO] running `Command { std: "/workspace/cargo-home/bin/cargo" "+72f88fc4e9458f89516a0b8b0868f3718aec5b47" "generate-lockfile" "--manifest-path" "Cargo.toml" "-Zno-index-update", kill_on_drop: false }`
[INFO] running `Command { std: "/workspace/cargo-home/bin/cargo" "+72f88fc4e9458f89516a0b8b0868f3718aec5b47" "fetch" "--locked" "--manifest-path" "Cargo.toml", kill_on_drop: false }`
[INFO] [stderr]  Downloading crates ...
[INFO] [stderr]   Downloaded em v0.3.0
[INFO] [stderr]   Downloaded emu_macro v0.1.0
[INFO] running `Command { std: "docker" "create" "-v" "/var/lib/crater-agent-workspace/builds/worker-13/target:/opt/rustwide/target:rw,Z" "-v" "/var/lib/crater-agent-workspace/builds/worker-13/source:/opt/rustwide/workdir:ro,Z" "-v" "/var/lib/crater-agent-workspace/cargo-home:/opt/rustwide/cargo-home:ro,Z" "-v" "/var/lib/crater-agent-workspace/rustup-home:/opt/rustwide/rustup-home:ro,Z" "-e" "SOURCE_DIR=/opt/rustwide/workdir" "-e" "CARGO_TARGET_DIR=/opt/rustwide/target" "-e" "CARGO_HOME=/opt/rustwide/cargo-home" "-e" "RUSTUP_HOME=/opt/rustwide/rustup-home" "-w" "/opt/rustwide/workdir" "-m" "1610612736" "--user" "0:0" "--network" "none" "rustops/crates-build-env@sha256:d92eaeed33fa75130ca1ee6c8a01d1ffb62bac859dfdfb3450e3e5d1c0146529" "/opt/rustwide/cargo-home/bin/cargo" "+72f88fc4e9458f89516a0b8b0868f3718aec5b47" "metadata" "--no-deps" "--format-version=1", kill_on_drop: false }`
[INFO] [stdout] 7386b5e7c11c2de70b73bdfcde55725b9bccac31ad88b05b4363e3cc1d1cf3a7
[INFO] [stderr] WARNING: Your kernel does not support swap limit capabilities or the cgroup is not mounted. Memory limited without swap.
[INFO] running `Command { std: "docker" "start" "-a" "7386b5e7c11c2de70b73bdfcde55725b9bccac31ad88b05b4363e3cc1d1cf3a7", kill_on_drop: false }`
[INFO] running `Command { std: "docker" "inspect" "7386b5e7c11c2de70b73bdfcde55725b9bccac31ad88b05b4363e3cc1d1cf3a7", kill_on_drop: false }`
[INFO] running `Command { std: "docker" "rm" "-f" "7386b5e7c11c2de70b73bdfcde55725b9bccac31ad88b05b4363e3cc1d1cf3a7", kill_on_drop: false }`
[INFO] [stdout] 7386b5e7c11c2de70b73bdfcde55725b9bccac31ad88b05b4363e3cc1d1cf3a7
[INFO] running `Command { std: "docker" "create" "-v" "/var/lib/crater-agent-workspace/builds/worker-13/target:/opt/rustwide/target:rw,Z" "-v" "/var/lib/crater-agent-workspace/builds/worker-13/source:/opt/rustwide/workdir:ro,Z" "-v" "/var/lib/crater-agent-workspace/cargo-home:/opt/rustwide/cargo-home:ro,Z" "-v" "/var/lib/crater-agent-workspace/rustup-home:/opt/rustwide/rustup-home:ro,Z" "-e" "SOURCE_DIR=/opt/rustwide/workdir" "-e" "CARGO_TARGET_DIR=/opt/rustwide/target" "-e" "CARGO_INCREMENTAL=0" "-e" "RUST_BACKTRACE=full" "-e" "RUSTFLAGS=--cap-lints=forbid" "-e" "CARGO_HOME=/opt/rustwide/cargo-home" "-e" "RUSTUP_HOME=/opt/rustwide/rustup-home" "-w" "/opt/rustwide/workdir" "-m" "1610612736" "--user" "0:0" "--network" "none" "rustops/crates-build-env@sha256:d92eaeed33fa75130ca1ee6c8a01d1ffb62bac859dfdfb3450e3e5d1c0146529" "/opt/rustwide/cargo-home/bin/cargo" "+72f88fc4e9458f89516a0b8b0868f3718aec5b47" "check" "--frozen" "--all" "--all-targets" "--message-format=json", kill_on_drop: false }`
[INFO] [stdout] 835a14100c87325195a48d7f80c5feaa5ba41b90cde0dd2d0851732040ebf65a
[INFO] [stderr] WARNING: Your kernel does not support swap limit capabilities or the cgroup is not mounted. Memory limited without swap.
[INFO] running `Command { std: "docker" "start" "-a" "835a14100c87325195a48d7f80c5feaa5ba41b90cde0dd2d0851732040ebf65a", kill_on_drop: false }`
[INFO] [stderr]    Compiling autocfg v1.0.1
[INFO] [stderr]    Compiling syn v1.0.40
[INFO] [stderr]    Compiling maybe-uninit v2.0.0
[INFO] [stderr]     Checking lazy_static v1.4.0
[INFO] [stderr]     Checking rustc-serialize v0.3.24
[INFO] [stderr]     Checking scopeguard v1.1.0
[INFO] [stderr]     Checking gimli v0.22.0
[INFO] [stderr]     Checking adler v0.2.3
[INFO] [stderr]     Checking object v0.20.0
[INFO] [stderr]    Compiling bitflags v1.2.1
[INFO] [stderr]    Compiling cl-sys v0.4.2
[INFO] [stderr]     Checking rustc-demangle v0.1.16
[INFO] [stderr]     Checking unicode-xid v0.2.1
[INFO] [stderr]     Checking futures v0.1.29
[INFO] [stderr]     Checking libc v0.2.77
[INFO] [stderr]    Compiling ocl-core v0.11.2
[INFO] [stderr]    Compiling proc-macro2 v0.4.30
[INFO] [stderr]     Checking miniz_oxide v0.4.1
[INFO] [stderr]     Checking proc-macro2 v1.0.21
[INFO] [stderr]    Compiling num-traits v0.2.12
[INFO] [stderr]    Compiling crossbeam-utils v0.7.2
[INFO] [stderr]    Compiling num-integer v0.1.43
[INFO] [stderr]    Compiling memoffset v0.5.5
[INFO] [stderr]    Compiling crossbeam-epoch v0.8.2
[INFO] [stderr]    Compiling num-iter v0.1.41
[INFO] [stderr]     Checking quote v1.0.7
[INFO] [stderr]     Checking rand v0.4.6
[INFO] [stderr]     Checking crossbeam-queue v0.2.3
[INFO] [stderr]     Checking crossbeam-channel v0.4.4
[INFO] [stderr]     Checking num-traits v0.1.43
[INFO] [stderr]     Checking crossbeam-deque v0.7.3
[INFO] [stderr]     Checking enum_primitive v0.1.1
[INFO] [stderr]     Checking crossbeam v0.7.3
[INFO] [stderr]     Checking qutex v0.2.3
[INFO] [stderr]     Checking num-bigint v0.1.44
[INFO] [stderr]     Checking num-complex v0.1.43
[INFO] [stderr]     Checking addr2line v0.13.0
[INFO] [stderr]     Checking num-rational v0.1.42
[INFO] [stderr]     Checking backtrace v0.3.50
[INFO] [stderr]     Checking num v0.1.42
[INFO] [stderr]     Checking ocl-core-vector v0.1.0
[INFO] [stderr]     Checking emu_macro v0.1.0 (/opt/rustwide/workdir)
[INFO] [stdout] error[E0433]: failed to resolve: could not find `__rt` in `quote`
[INFO] [stdout]    --> src/accelerating.rs:123:72
[INFO] [stdout]     |
[INFO] [stdout] 123 | ...                   .is_ident(&Ident::new("load", quote::__rt::Span::call_site()))
[INFO] [stdout]     |                                                                  ^^^^ not found in `quote::__rt`
[INFO] [stdout]     |
[INFO] [stdout] help: consider importing one of these items
[INFO] [stdout]     |
[INFO] [stdout] 3   | use crate::Span;
[INFO] [stdout]     |
[INFO] [stdout] 3   | use crate::export::Span;
[INFO] [stdout]     |
[INFO] [stdout] 3   | use proc_macro2::Span;
[INFO] [stdout]     |
[INFO] [stdout] 3   | use proc_macro::Span;
[INFO] [stdout]     |
[INFO] [stdout]       and 3 other candidates
[INFO] [stdout] 
[INFO] [stdout] 
[INFO] [stdout] error[E0433]: failed to resolve: could not find `__rt` in `quote`
[INFO] [stdout]    --> src/accelerating.rs:169:72
[INFO] [stdout]     |
[INFO] [stdout] 169 | ...                   .is_ident(&Ident::new("read", quote::__rt::Span::call_site()))
[INFO] [stdout]     |                                                                  ^^^^ not found in `quote::__rt`
[INFO] [stdout]     |
[INFO] [stdout] help: consider importing one of these items
[INFO] [stdout]     |
[INFO] [stdout] 3   | use crate::Span;
[INFO] [stdout]     |
[INFO] [stdout] 3   | use crate::export::Span;
[INFO] [stdout]     |
[INFO] [stdout] 3   | use proc_macro2::Span;
[INFO] [stdout]     |
[INFO] [stdout] 3   | use proc_macro::Span;
[INFO] [stdout]     |
[INFO] [stdout]       and 3 other candidates
[INFO] [stdout] 
[INFO] [stdout] 
[INFO] [stdout] error[E0433]: failed to resolve: could not find `__rt` in `quote`
[INFO] [stdout]    --> src/accelerating.rs:193:74
[INFO] [stdout]     |
[INFO] [stdout] 193 | ...                   .is_ident(&Ident::new("launch", quote::__rt::Span::call_site()))
[INFO] [stdout]     |                                                                    ^^^^ not found in `quote::__rt`
[INFO] [stdout]     |
[INFO] [stdout] help: consider importing one of these items
[INFO] [stdout]     |
[INFO] [stdout] 3   | use crate::Span;
[INFO] [stdout]     |
[INFO] [stdout] 3   | use crate::export::Span;
[INFO] [stdout]     |
[INFO] [stdout] 3   | use proc_macro2::Span;
[INFO] [stdout]     |
[INFO] [stdout] 3   | use proc_macro::Span;
[INFO] [stdout]     |
[INFO] [stdout]       and 3 other candidates
[INFO] [stdout] 
[INFO] [stdout] 
[INFO] [stdout] error[E0433]: failed to resolve: could not find `__rt` in `quote`
[INFO] [stdout]    --> src/accelerating.rs:259:70
[INFO] [stdout]     |
[INFO] [stdout] 259 |                     let ident = Ident::new(&param.name, quote::__rt::Span::call_site());
[INFO] [stdout]     |                                                                      ^^^^ not found in `quote::__rt`
[INFO] [stdout]     |
[INFO] [stdout] help: consider importing one of these items
[INFO] [stdout]     |
[INFO] [stdout] 3   | use crate::Span;
[INFO] [stdout]     |
[INFO] [stdout] 3   | use crate::export::Span;
[INFO] [stdout]     |
[INFO] [stdout] 3   | use proc_macro2::Span;
[INFO] [stdout]     |
[INFO] [stdout] 3   | use proc_macro::Span;
[INFO] [stdout]     |
[INFO] [stdout]       and 3 other candidates
[INFO] [stdout] 
[INFO] [stdout] 
[INFO] [stdout] error[E0277]: the trait bound `syn::Expr: From<TokenStream2>` is not satisfied
[INFO] [stdout]    --> src/passing.rs:337:50
[INFO] [stdout]     |
[INFO] [stdout] 337 |                     let gpu_ident = quote! {gpu}.into();
[INFO] [stdout]     |                                                  ^^^^ the trait `From<TokenStream2>` is not implemented for `syn::Expr`
[INFO] [stdout]     |
[INFO] [stdout]     = help: the following implementations were found:
[INFO] [stdout]               <syn::Expr as From<ExprArray>>
[INFO] [stdout]               <syn::Expr as From<ExprAssign>>
[INFO] [stdout]               <syn::Expr as From<ExprAssignOp>>
[INFO] [stdout]               <syn::Expr as From<ExprAsync>>
[INFO] [stdout]             and 35 others
[INFO] [stdout]     = note: required because of the requirements on the impl of `Into<syn::Expr>` for `TokenStream2`
[INFO] [stdout] 
[INFO] [stdout] 
[INFO] [stdout] error: aborting due to 5 previous errors
[INFO] [stdout] 
[INFO] [stdout] 
[INFO] [stdout] Some errors have detailed explanations: E0277, E0433.
[INFO] [stdout] 
[INFO] [stdout] For more information about an error, try `rustc --explain E0277`.
[INFO] [stdout] 
[INFO] [stderr] error: could not compile `emu_macro`.
[INFO] [stderr] 
[INFO] [stderr] To learn more, run the command again with --verbose.
[INFO] [stderr] warning: build failed, waiting for other jobs to finish...
[INFO] [stderr] error: build failed
[INFO] running `Command { std: "docker" "inspect" "835a14100c87325195a48d7f80c5feaa5ba41b90cde0dd2d0851732040ebf65a", kill_on_drop: false }`
[INFO] running `Command { std: "docker" "rm" "-f" "835a14100c87325195a48d7f80c5feaa5ba41b90cde0dd2d0851732040ebf65a", kill_on_drop: false }`
[INFO] [stdout] 835a14100c87325195a48d7f80c5feaa5ba41b90cde0dd2d0851732040ebf65a
